en (8 + (-6 - -2))*185/10 is divided by 18?
2
Suppose -2*c - r = r + 120, 4*r + 20 = 0. Suppose 0*x = t + x - 5, -t - 5 = -4*x. Calculate the remainder when (-2 - c/25)*55 is divided by t.
2
Suppose -4*f + 443 = -125. Let d = f - 32. Calculate the remainder when d is divided by 37.
36
Let p(f) = 422*f - 8429. Let m(a) = 42*a**2 + 3*a - 2. Calculate the remainder when m(2) is divided by p(20).
7
Suppose 214*q = 217*q - 5*d - 9, 0 = 4*q + 5*d - 47. Calculate the remainder when 3855 is divided by q.
7
Let v(k) = -1 - 16*k + 28 + 7 + 6. What is the remainder when 61 is divided by v(2)?
5
Let n(o) = 2*o**2 - 32*o + 24. Suppose -286 = -7*j - 111. Suppose -5*c + j = 0, -2*q = -6*q - c + 69. Calculate the remainder when 90 is divided by n(q).
18
Suppose 8*f + 4 = 6*f, 0 = -x - 5*f + 2. Calculate the remainder when 168/147*(-3 + (-1005)/(-6)) is divided by x.
8
Suppose 5*u + x - 1333 = 0, -3*x - 495 = -2*u + 28. Suppose 23*t - 447 = u. What is the remainder when 242 is divided by t?
25
Let c(q) = -6*q - 4. Let z be c(-5). Let u = z - 14. Let a(i) = -i**3 - 11*i**2 - 29*i + 50. Calculate the remainder when a(-6) is divided by u.
8
What is the remainder when 312 is divided by (0 - 10/(-12)) + 15965/930?
6
Calculate the remainder when 15 + 24*(-1309)/(-21) is divided by 50.
11
Suppose 3 = -46*w + 47*w. Suppose -l - 5*z + 21 = 0, -29 = 4*l - w*z - 90. Calculate the remainder when 28 is divided by l.
12
Let s(y) = y**2 + 2*y + 1. Let x(v) = 8*v**2 - v - 1. Let k(d) = -6*s(d) + x(d). What is the remainder when k(8) is divided by 10?
7
Let d(g) = g**2 + 6*g - 20. Let n(k) = 3*k**2 + 13*k - 40. Let z(s) = -5*d(s) + 2*n(s). What is the remainder when 574 is divided by z(5)?
24
Suppose -49*n - 76*n = 34*n - 29892. Calculate the remainder when 552 is divided by n.
176
Suppose 0 = 187*z - 443 - 313 - 2236. Calculate the remainder when 224 is divided by z.
0
Let f = 0 - -24. Calculate the remainder when 150/135 + 754/18 is divided by f.
19
Suppose 4*a = 2*a - 4, -3*r + 3*a + 132 = 0. Suppose -5*u + 2086 = -s, 2*u - 91 = s + 744. Calculate the remainder when u is divided by r.
39
Suppose 21 = 4*u - 155. Suppose -6*g + 58 = -68. Let r(h) = 2*h**2 - 38*h - 70. Calculate the remainder when u is divided by r(g).
2
Suppose 0 = 4*l - 19 - 77. Let v = l + -12. Suppose -176*i + 355 = -171*i. What is the remainder when i is divided by v?
11
Suppose -30*c + 486 = -12*c. Suppose c*m = 30*m - 153. Suppose 4*x = -x + 65. What is the remainder when m is divided by x?
12
Let u = -21 + 21. Let k be (-8)/(-2) + u + -3. Suppose -l - k + 53 = q, -l = 4*q - 205. Calculate the remainder when q is divided by 9.
6
Let c = 802 + 30. Suppose -6*s = c - 2854. What is the remainder when s is divided by 17?
14
Suppose 0 = 3*l + 4*a - 370 - 239, 0 = 5*l + 3*a - 1026. Calculate the remainder when l is divided by 55.
42
Let d(b) = -11*b - 205. Let f be d(-9). Let q = 174 + f. What is the remainder when 679 is divided by q?
67
Let d(w) be the third derivative of w**4/3 - 28*w**3/3 - 2*w**2. Let m be d(10). Suppose 0 = 9*b - m - 30. Calculate the remainder when 71 is divided by b.
5
Let z(j) = 5*j + 41. Let t = 49 + -34. Calculate the remainder when z(t) is divided by 24.
20
Suppose p = 4*g - 402, 4*g - g = -3*p + 279. What is the remainder when g is divided by 10?
9
Let b = 2525 + -2522. Suppose -3*p - 2*p = 0. Suppose -2*t - 117 = -b*a - p*a, -a - 4*t = -25. Calculate the remainder when 145 is divided by a.
34
Let a(r) = -5*r - 97. Suppose 242 = 10*c + 12. Calculate the remainder when c is divided by a(-21).
7
What is the remainder when 166 - (69 - 18) - -2*6/4 is divided by 24/1*(-12)/(-9)?
22
Let k = 219 + -183. What is the remainder when (8 - 2)/(k/312) is divided by 18?
16
Suppose 0 = 3*w - 5*w + 118. Suppose 2*q + 99 = 14*t - 9*t, -2*t + 27 = -5*q. Suppose -t*p = -25*p + 48. What is the remainder when w is divided by p?
11
Let p(n) = n**2 - 6*n - 5. Let w(l) = -l**2 - 131*l + 2984. Calculate the remainder when w(-150) is divided by p(-4).
29
Suppose 4*o + 10 = 66. Suppose 4*v - 90 - o = 0. Let c = 49 - v. What is the remainder when 66 is divided by c?
20
Let o(a) = 2*a. Let y be o(-6). Calculate the remainder when (38 + -1 - 40)*1*(-2 - 2) is divided by (-2 + y/(-9))*-6.
0
Suppose 5*o - 2533 = -2183. Let t(v) = v**3 - 9*v**2 - 6*v - 4. What is the remainder when o is divided by t(10)?
34
Suppose -78*l - 152818 = -608806. What is the remainder when l is divided by 75?
71
Let o(y) = 4*y**2 + 54*y + 173. What is the remainder when 143 is divided by o(-9)?
0
Suppose -20306 = 54*u - 97202. Calculate the remainder when u is divided by 289.
268
Let x = 380 + -380. Suppose x = -2*y + 3*j + 92, -4*y - 6*j = -8*j - 176. What is the remainder when 342 is divided by y?
41
Suppose -16*y + 6978 = -1006. Let m = y - 201. What is the remainder when m is divided by 23?
22
Calculate the remainder when 5469 is divided by 0 + (-2)/(3/(-96)*10/15).
93
Let n be (-6 + 0)*1*8/(-8). Suppose 0 = -5*w + n*h - h + 35, 13 = 3*w - 5*h. Calculate the remainder when (38 - 0/(-1))/2 is divided by w.
8
Let s(c) = -2*c**3 + c**2 + 4*c + 7. Let a be s(-5). Suppose 3*p - a = 320. Let f = -6226 - -6254. What is the remainder when p is divided by f?
26
Let b(s) = 2*s**3 - 14*s**2 - 65*s - 141. What is the remainder when b(16) is divided by 70?
67
Suppose 3*i = -3*o + 4*i - 65, i = -3*o - 67. Let x = 107 + o. Let z = x + -78. What is the remainder when 19 is divided by z?
5
Suppose 2 = -3*m + 5*x, -3*m + 0*x = 4*x - 7. Let q(a) = 30*a + 29. Let k be q(-1). What is the remainder when 52 is divided by k/(1*m/(-27))?
25
Suppose 191*c + 645 = 194*c. Suppose -5 = 14*q - c. What is the remainder when 25 is divided by q?
10
Let u(s) = 12*s - 254. Let z be u(17). Calculate the remainder when 358 is divided by (-3025)/z - 1/(-2).
53
Let y = -3389 + 3392. What is the remainder when 206 is divided by y?
2
Suppose 17 = 14*j - 39. Suppose -j*h = -5*h + 4*k + 5, -k - 82 = -5*h. Calculate the remainder when h is divided by (-8)/5*(-10)/4.
1
Suppose -4*n - g + 18 = -218, -2*g - 118 = -2*n. Calculate the remainder when n is divided by 15 + 0 + 3 + -3.
14
Let p = -26 + 34. Let w(m) = -11*m + 146. What is the remainder when w(1) is divided by p?
7
Let q = 4010 - 3958. What is the remainder when 3118 is divided by q?
50
What is the remainder when 307 is divided by ((-63)/(-14))/(59/3894)?
10
Let s = 17070 - 16815. Calculate the remainder when 1771 is divided by s.
241
Let l = -2972 - -3542. Calculate the remainder when l is divided by 44.
42
Calculate the remainder when 66 is divided by ((5/2)/(585/5733))/(2/4).
17
What is the remainder when 1574 - 33*(-8)/12 is divided by 36?
12
Let o = -51525 + 51548. Suppose -s = 3*s - 324. What is the remainder when s is divided by o?
12
Let s = 329 + -308. Calculate the remainder when (-12)/9 + 1792/s is divided by 23.
15
Let q = -1971 - -1979. Suppose 3*f - 50 = 58. Calculate the remainder when f is divided by q.
4
Let v be (-23)/(-6) - 27/(-162). Calculate the remainder when (v + (-175)/21)/(2/(-24)) is divided by 11.
8
Let j(q) = 71*q**2 + 408*q + 16. What is the remainder when j(-10) is divided by 49?
47
Suppose 3*o + 3 = -2*w, -5*w + 4*w - 5*o = 12. Suppose -4 = 10*f - 4. Suppose 33*y + 161 - 392 = f. Calculate the remainder when y is divided by w.
1
Suppose 4*b - u - 289 = -108, 0 = u + 5. Suppose -v + 3 = -5*z + 353, -5*v = z - b. Calculate the remainder when z is divided by 35.
34
Suppose 78 = 3*g + 30. Let y = -255 - -259. Calculate the remainder when (-2)/y - 636/(-8) is divided by g.
15
Let b be 352/(-4) + -5 + 1. Let i = 185 + b. Calculate the remainder when 19 is divided by i/7 - (-4 + (-120)/(-28)).
6
Suppose -x = 4*x - d - 10, 5*x - 30 = 5*d. Calculate the remainder when (x - -119) + -3*(-1)/3 is divided by 62.
59
Let y be 70/(-22) - 24/(-132). Let o be ((-4)/(-8))/(y/(-1452)). Suppose -3*k + 2*m - 17 = -o, -2*m = -k + 71. What is the remainder when k is divided by 39?
38
Let x(p) = p**2 + 7*p - 15. Let j(l) = -2*l + 57. Let s be j(27). Calculate the remainder when 102 is divided by x(s).
12
Suppose -5*k + 26 = 2*l, 4 - 2 = k. Calculate the remainder when 40*(-5 + 3 + 45/18) is divided by l.
4
Let y(j) = j**3 + 7*j**2 - 8*j + 7. Let r be y(-8). Suppose -r = -3*c - 16. What is the remainder wh